4 (base 13) in base 6?
-111545523
824883 (base 9) to base 13
141852
Convert 10210110110102 (base 3) to base 14.
3a6d77
Convert 821b21 (base 14) to base 9.
8222173
Convert 3144132 (base 5) to base 3.
2200202112
14a9d (base 15) to base 3
10101020211
What is 3877a74 (base 11) in base 2?
11001100111101100011010
Convert -1155251 (base 6) to base 11.
-42720
What is -5499bb (base 13) in base 3?
-10202012201121
Convert 154472 (base 14) to base 7.
6206402
337822 (base 13) to base 8
4507501
Convert 46297 (base 10) to base 6.
554201
What is 12120222110021 (base 3) in base 14?
574dcb
Convert -21a223 (base 15) to base 2.
-110000111100000011000
What is 1965 (base 12) in base 16?
c1d
-147207 (base 9) to base 14
-2500d
-277967 (base 11) to base 8
-1521574
2202530 (base 6) to base 13
3aab8
Convert 9553b (base 12) to base 16.
2fdbf
Convert -23f56 (base 16) to base 5.
-14203121
What is 13289398 (base 10) in base 5?
11400230043
What is 100122010010 (base 3) in base 11?
11a516
4610336 (base 8) to base 5
304441002
Convert -33021021023 (base 4) to base 10.
-3969611
Convert 52334152 (base 6) to base 12.
614358
What is 19133bb (base 13) in base 12?
28b7a03
What is 22120231 (base 4) in base 9?
64317
What is 1420343 (base 5) in base 4?
13030201
What is 21300143 (base 5) in base 15?
38ab8
176822 (base 10) to base 13
62639
Convert -5361462 (base 7) to base 13.
-19b6a2
126122 (base 8) to base 6
540122
1923391 (base 11) to base 16
31a9e6
2230131110 (base 4) to base 16
ac754
-262b25 (base 16) to base 13
-697735
Convert 425674 (base 8) to base 11.
97985
What is -3417076 (base 8) in base 10?
-925246
151e2c (base 15) to base 9
1822806
What is -7da31 (base 15) in base 13?
-110413
What is 341155 (base 6) in base 4?
13001333
What is -10330112 (base 4) in base 16?
-4f16
Convert -9a832 (base 14) to base 7.
-3120462
Convert 107854 (base 10) to base 2.
11010010101001110
What is -152052155 (base 6) in base 2?
-1100001000010001000111
Convert 10395b (base 16) to base 13.
2b2c62
What is -230411232 (base 6) in base 3?
-21221222212102
130210213130 (base 4) to base 5
3404140022
Convert 293aa9 (base 12) to base 4.
2220231201
-2134243302 (base 5) to base 6
-242353544
Convert 2612004 (base 8) to base 11.
456519
-21110200033 (base 4) to base 3
-11121010112211
Convert 15266243 (base 7) to base 15.
1dd2b5
What is -8784782 (base 9) in base 4?
-102000210110
What is 20014410 (base 5) in base 14?
41568
What is -5154332 (base 6) in base 8?
-745320
1760990 (base 11) to base 5
1231103302
-1c38659 (base 13) to base 6
-533104452
33395 (base 11) to base 8
136377
-1d88a (base 14) to base 3
-10211221121
Convert -2693367 (base 12) to base 5.
-3430013104
Convert -1324424322 (base 5) to base 7.
-40354225
What is 122223234 (base 7) in base 6?
432430453
-3456580 (base 9) to base 5
-434240200
-4023140 (base 5) to base 16
-faaa
Convert -211220121300 (base 4) to base 9.
-20504876
Convert 1593067 (base 11) to base 5.
1143301101
716f03 (base 16) to base 15
9bc9e2
Convert -42370 (base 15) to base 10.
-210030
-12302 (base 8) to base 7
-21331
What is -2825926 (base 12) in base 8?
-36444356
Convert 28051 (base 16) to base 12.
7aa41
Convert 2275723 (base 10) to base 3.
11021121201001
-5315664 (base 8) to base 12
-583618
276367 (base 8) to base 5
11110102
43141325 (base 7) to base 15
4c890e
Convert -1001101000101010100011 (base 2) to base 15.
-34d609
Convert -2003604 (base 7) to base 3.
-110000120220
What is -3366f (base 16) in base 7?
-1534554
130110121 (base 4) to base 2
11100010100011001
-340010143 (base 5) to base 7
-15423405
-101000100001001010100001 (base 2) to base 8
-50411241
What is -1420476 (base 9) in base 11?
-493989
Convert 1570553 (base 8) to base 2.
1101111000101101011
What is -330305 (base 8) in base 14?
-2c537
-133354044 (base 6) to base 5
-1142040332
Convert -82542 (base 10) to base 6.
-1434050
e823 (base 15) to base 13
19458
What is 41612602 (base 7) in base 14?
677502
Convert -6b287 (base 13) to base 16.
-2fd8e
What is 1814274 (base 9) in base 4?
3313130203
What is 12114441 (base 5) in base 10?
113746
What is -cb78 (base 13) in base 2?
-110111010100010
Convert 1b1702 (base 12) to base 4.
1311012302
What is -224241420 (base 5) in base 7?
-11401435
Convert 436a6a1 (base 11) to base 2.
11101010000111001011110
What is -331682 (base 13) in base 3?
-2021010001002
443394 (base 10) to base 7
3524460
301088 (base 12) to base 2
10110110101100101000
What is -76b615 (base 14) in base 16?
-3d7113
Convert -1110101111000011011 (base 2) to base 4.
-1311320123
Convert 55034614 (base 7) to base 12.
16b45b4
a49a7 (base 14) to base 6
12302103
What is -33636 (base 7) in base 5?
-233203
Convert 1200062 (base 7) to base 14.
3d1d9
Convert -7109286 (base 10) to base 12.
-246a206
Convert -437ab (base 12) to base 4.
-111302303
11101012 (base 5) to base 6
2025035
What is -1781213 (base 9) in base 2?
-11110011101100011111
Convert -2213130232 (base 4) to base 6.
-22411154
230127 (base 11) to base 14
97635
What is -7c0db (base 14) in base 8?
-1115721
Convert -29cc6e (base 15) to base 16.
-1ec98f
What is -3432a (base 12) in base 2?
-10000111111010010
What is 10000101111100110 (base 2) in base 8?
205746
Convert 783307 (base 15) to base 7.
66500500
Convert 27aa23 (base 11) to base 9.
738336
-2353015 (base 6) to base 12
-5b76b
What is 101010010000011110010110 (base 2) in base 10?
11077526
13023303 (base 5) to base 15
2781d
What is 354645 (base 10) in base 6?
11333513
What is 1514113 (base 7) in base 13?
7270c
What is -100010110011000100101000 (base 2) in base 8?
-42630450
What is 36526704 (base 8) in base 16?
7aadc4
What is 42341444 (base 6) in base 14?
244872
Convert 250504524 (base 6) to base 16.
493984
-12030467 (base 9) to base 4
-112120012333
1000011300112 (base 4) to base 11
9535756
Convert -10000110111011011 (base 2) to base 6.
-1251455
-103011001 (base 4) to base 16
-13141
What is 324324040 (base 5) in base 6?
50013402
-404444 (base 13) to base 3
-2210221022222
Convert 1352611 (base 8) to base 2.
1011101010110001001
Convert 35307 (base 10) to base 15.
a6dc
Convert 20331111120 (base 4) to base 10.
2348376
What is -20202240 (base 6) in base 13?
-172200
What is -4251524 (base 6) in base 9?
-347707
12511010 (base 8) to base 3
12020202000111
d566 (base 15) to base 7
245322
What is -48ad1 (base 15) in base 10?
-231946
Convert -102110515 (base 6) to base 13.
-4a5268
-12331313333 (base 4) to base 15
-2611d8
Convert -a6598 (base 12) to base 9.
-362728
-132301420 (base 5) to base 3
-1020211101111
What is -68921 (base 13) in base 14?
-4d5c6
What is -12b7a4 (base 14) in base 10?
-646356
132476 (base 9) to base 7
453636
Convert -5205973 (base 10) to base 16.
-4f6fd5
-139949 (base 10) to base 8
-421255
-148d68 (base 15) to base 4
-3302022122
What is 164080 (base 16) in base 6?
51131224
101110101111110001 (base 2) to base 8
565761
212042222 (base 6) to base 7
43526330
Convert 20102111221 (base 4) to base 6.
114320441
Convert 311212 (base 6) to base 3.
1021011222
Convert -379b259 (base 12) to base 13.
-234ac20
What is 405500540 (base 6) in base 16?
6aabec
-130122023 (base 5) to base 3
-1011222200221
-605717 (base 8) to base 12
-9763b
What is -28115 (base 13) in base 3?
-10210201112
2544321 (base 7) to base 13
b755b
-411566 (base 8) to base 3
-20220122001
-50886 (base 16) to base 2
-1010000100010000110
Convert 69b829 (base 13) to base 8.
11447031
Convert 230534 (base 6) to base 12.
b44a
What is 3b968d (base 14) in base 3?
10212202121001
Convert -6211058 (base 9) to base 7.
-40112030
-671b49 (base 12) to base 15
-226593
Convert 111110210021 (base 3) to base 11.
171282
Convert -b8b97 (base 12) to base 10.
-243619
Convert -300122213210 (base 4) to base 14.
-19854b2
-5135401 (base 6) to base 2
-111100000110011001
Convert 37712d (base 15) to base 4.
22020202021
What is -2e544 (base 16) in base 7?
-1420151
What is -188017 (base 9) in base 10?
-117385
Convert 1159008 (base 11) to base 13.
558589
What is 5a23b (base 13) in base 10?
165163
Convert 860509 (base 11) to base 13.
39291c
Convert 1101000001011000100 (base 2) to base 11.
271642
Convert -10211101211 (base 3) to base 13.
-28405
What is -1333130 (base 4) in base 12?
-4878
What is 2fc1c (base 16) in base 3?
100221022220
What is -6967390 (base 10) in base 12?
-240007a
Convert 136834 (base 10) to b